/(-2))/((-5)/(-60)).
4
Suppose -v = 3*v - 8. Let t(w) = 2 + v*w + 3 - w**3 + 5*w**2 + 1. Calculate the remainder when 46 is divided by t(5).
14
What is the remainder when -5*(8/(-6) - 3/(-9)) is divided by 1?
0
Let u(p) = -8*p**2 + 3*p + 10*p**2 + p. What is the remainder when 17 is divided by u(-3)?
5
Let p = -14 + 51. Let n be 50/8 - 3/12. Let s = n + 7. What is the remainder when p is divided by s?
11
Suppose -3*a + 5*f = -21 - 24, 3*a = 2*f + 45. Let q(i) = 2*i**2 - 3*i + 8. What is the remainder when q(5) is divided by a?
13
Let n(c) = 4*c + 18. What is the remainder when 7 is divided by n(-4)?
1
Let k(g) = -g**3 + 6*g**2 + 6. Let h be k(6). Suppose h = 5*j - 24. What is the remainder when j is divided by 4?
2
Suppose 25 = 2*q + d, 4*d - 6 = 2*d. Let i = 54 + -33. Calculate the remainder when i is divided by q.
10
Let k = -114 - -78. Let u = k - -51. Suppose 2*m + 30 = 88. What is the remainder when m is divided by u?
14
Suppose 4*q - 36 = -8. What is the remainder when 1/1 - (-1 + -17) is divided by q?
5
Let o = -16 - -22. Let g(i) = 2*i**2 + 3*i + 2. Calculate the remainder when o is divided by g(-2).
2
What is the remainder when 74/10 + (-15)/(-25) is divided by 2?
0
Let g(w) = -2*w + 19. Let u(t) = t + 4. What is the remainder when g(5) is divided by u(0)?
1
Suppose -k = -4*k + 153. Let b = k - 31. Calculate the remainder when b is divided by 7.
6
Suppose 10*c = 8*c + 42. Calculate the remainder when 80 is divided by c.
17
Let z = -115 + 124. Calculate the remainder when 34 is divided by z.
7
Suppose 4*c - 19 = -3*w, -c - 3*w = -2*c + 1. What is the remainder when 5 is divided by c?
1
Suppose 0 = z - 5*z + 168. Calculate the remainder when z is divided by 11.
9
Let c be (10/(-4))/5*2. Let r(x) = -29*x - 2. What is the remainder when r(c) is divided by 15?
12
Let o = -2 + 0. What is the remainder when (-27)/(-2) - (-1)/2 is divided by (-3)/o*30/9?
4
What is the remainder when (-260)/(-28) + 4/(-14) is divided by 4?
1
Let b be (6/8)/((-2)/(-8)). Suppose 18 = 2*g - 2*c, -4*g + b*c - 2*c = -27. Calculate the remainder when 17 is divided by g.
5
Let r = -21 - -23. Calculate the remainder when 5 is divided by r.
1
Suppose -3 = 5*z + 7. Let i = 3 - z. Suppose -3*o + 4*h = o - 108, -i*h - 15 = 0. Calculate the remainder when 47 is divided by o.
23
Let g be 5 - 2/3*3. Suppose p - 5*h + 2 = 0, 3 = 2*p + g*h - 19. Let z = 2 - -13. What is the remainder when z is divided by p?
7
Let k(l) = l**3 - 8*l**2 - 11*l - 3. Let z(g) = g**2 - 1. Let u(t) = k(t) - 3*z(t). Calculate the remainder when 47 is divided by u(12).
11
Suppose -4*h - 2 = -3*a - 39, 5*h - 5*a = 50. What is the remainder when 21 - 6/(6/2) is divided by h?
5
Let j = -20 - -43. Calculate the remainder when j is divided by 8.
7
Let h(y) = y**3 - 5*y**2 + 2*y - 1. Let w be h(5). Let g(r) = -r**2 + 12*r + 2. What is the remainder when g(w) is divided by 15?
14
Let k(y) = 2*y**2 - 2*y + 3. Let t be k(-5). Suppose 2*p - 4*p + 35 = a, -3*p = -2*a - t. Let n = 22 - 15. What is the remainder when p is divided by n?
5
Let m(b) = 2*b**2 + 5*b + 3. What is the remainder when m(-4) is divided by ((-3)/(-6))/(5/40)?
3
Let u(g) = 11*g**2 - 5*g - 2. What is the remainder when u(-1) is divided by 10?
4
Calculate the remainder when 68/(-2)*2/(-4) is divided by -4 - 26*2/(-4).
8
Let g(v) = v**3 - 6*v**2 + 4*v + 5. Let i be g(5). Let s = i + 1. What is the remainder when 14 is divided by (-32)/(-6) + s/(-3)?
4
Suppose x + 10 = 12. Calculate the remainder when 7 is divided by x.
1
Suppose 0 = -u - 2*s + 45, -2*u + 2*s + 3*s = -81. What is the remainder when u is divided by 9?
7
What is the remainder when ((-13)/4)/(3/(3*-12)) is divided by 10?
9
Suppose 3*u = -2*z - 9, 5*u = -z + u - 12. Calculate the remainder when 15 is divided by z - 3 - (-18)/2.
3
Let j(i) = -i**3 - 6*i**2 - 7*i - 6. Let t be j(-5). Suppose 0*m - 4 = -t*m. What is the remainder when 61 is divided by -3 - -1 - -18*m?
13
Let z = 20 - 2. Calculate the remainder when -66*(-3)/(z/4) is divided by 12.
8
Suppose 0 = 5*p + f + 77, 4*f - 37 = p + 2*p. Let l be (6/p)/((-3)/30). Suppose 85 = -l*u + 353. Calculate the remainder when u is divided by 23.
21
Let g be (-348)/(-2) - (0 - -1). Suppose 162 = 3*a - 5*j, -3*a - 5*j + g - 11 = 0. Calculate the remainder when a is divided by 14.
12
Let x(v) = -v**2 - 7*v - 10. What is the remainder when 13 is divided by x(-4)?
1
Let l(t) = -t**3 - 4*t**2 - 4*t + 3. Suppose 3*j + 4*s = 172, -4*s - 220 = -3*j - j. What is the remainder when j is divided by l(-4)?
18
Let k(o) = -o**2 + 11*o + 3. Let l(p) = 3*p**2 + 2*p + 3. Let f be 1 - 2 - (-1)/(-1). What is the remainder when k(7) is divided by l(f)?
9
Let b(o) = 5*o**2 - 5*o + 3. Let a be b(3). Let f = a + -20. What is the remainder when f is divided by 5?
3
Let n = 91 + -48. Calculate the remainder when n is divided by 11.
10
Suppose 1 = -2*a - 11. Calculate the remainder when (-150)/(-4) - 13/(-26) is divided by ((-39)/a)/1*2.
12
Calculate the remainder when (((-4)/3)/4)/((-2)/12) is divided by 2.
0
Suppose 0 = -3*n + 22 + 11. Calculate the remainder when 41 is divided by n.
8
Let o = 129 - 83. Calculate the remainder when o is divided by 8.
6
Suppose -58 = -k - 5*b, 2*k + 0*k - 5*b = 86. Suppose k = 4*s + 2*p, 5*p + 5 = -5. Suppose 4*v - 2 = 150. What is the remainder when v is divided by s?
12
Suppose 2*j - 24 = 40. Calculate the remainder when j is divided by 11.
10
Suppose -y = -43 + 4. Calculate the remainder when 155 is divided by y.
38
Let z = -2 + 6. Suppose 79 = 4*g - m, -2*g + 0*m + z*m + 36 = 0. Calculate the remainder when 58 is divided by g.
18
Calculate the remainder when 4334/99 - (-4)/18 is divided by 9.
8
Suppose 0 = -7*m + 11*m - 20. Let q = 2 + 0. Calculate the remainder when m is divided by q.
1
Let f(y) = y**3 - 3*y**2 + y - 4. Let z = 9 - 5. What is the remainder when f(z) is divided by 4*(-6)/8*-2?
4
Let t(j) = 14*j**2 + 1. Suppose 62 - 239 = -3*o. What is the remainder when o is divided by t(1)?
14
Let u(h) = 2*h + 1. Suppose 0 = 5*j - 2*k - 9, 5*j + 5 = -3*k - 2*k. Let w(c) = c**2 + c - 4. What is the remainder when u(j) is divided by w(-3)?
1
Suppose -9*b = -6*b - 33. What is the remainder when 40 is divided by b?
7
Let f(p) = -p - 8. Let g = 12 + 8. What is the remainder when g is divided by f(-15)?
6
Suppose 4*j = -3 + 19. Suppose 0 = 4*m - h + 5, j*m = 2*h + 2 - 4. Let x = m - -8. Calculate the remainder when 16 is divided by x.
4
Suppose 1 - 7 = -b. Let k(q) = b*q + 6*q + 1 - 4*q. What is the remainder when 26 is divided by k(1)?
8
What is the remainder when 30 is divided by 0 + ((-10)/(-4) - (-6)/(-12))?
0
Let p = 1 - 2. Calculate the remainder when 14 is divided by ((-5)/(-3))/(p/(-3)).
4
Suppose r + 3*k = -4*r + 119, -3*r + 3*k = -57. Let c = -9 - -51. Calculate the remainder when c is divided by r.
20
Suppose 3*o = -q + 28, 3*q - 3*o - 78 = -6*o. Calculate the remainder when q is divided by 4.
1
Suppose -k - 3*u + 1 = 0, 2*k - u - 2 + 0 = 0. Let w be k*6 - (6 - 4). Suppose 4*p - 8 = 2*z + 6, 3*p = -w*z + 27. What is the remainder when p is divided by 3?
2
Let z(u) = -u**3 + 4*u**2 - 2. Let m be z(3). Suppose -3 = -5*p + m. Suppose -p*n = -6, 4 - 1 = -4*c + 5*n. What is the remainder when 4 is divided by c?
1
Let k = 6 - -10. Let p = 5 - 5. Suppose p = -2*m + 55 + 39. Calculate the remainder when m is divided by k.
15
Let q = -24 + 60. Let g = q - 25. Suppose k + 94 = 3*t, 56 = -2*t + 4*t - 4*k. What is the remainder when t is divided by g?
10
Suppose -i + 6 - 3 = 0. Suppose 2*o + 3 = 11. Calculate the remainder when o is divided by i.
1
Let z = -54 - -87. Calculate the remainder when z is divided by 17.
16
Let b(w) = -4*w**2 + 2*w**2 - 10*w - 1 + 3*w**2 - 2*w**2. What is the remainder when 57 is divided by b(-7)?
17
Suppose 56 = a + 22. What is the remainder when a is divided by 1*-3 - (-6)/(-2)*-7?
16
Suppose -5 - 10 = 2*k + 5*n, 5*n = -25. Calculate the remainder when (-2)/(-6)*(-48)/(-2) is divided by k.
3
Let d(q) be the first derivative of q**4/4 - q**3/3 - q**2/2 + 114*q + 2. Let a be d(0). Let s = a - 74. What is the remainder when s is divided by 14?
12
Let c = 43 - 14. Let i = 14 - c. Let z = 2 - i. Calculate the remainder when 49 is divided by z.
15
Suppose 0 = 4*j + j - 5*k - 35, 5*j - 67 = -3*k. Calculate 